est common divisor of 884 and 598?
26
Calculate the highest common divisor of 9 and 84339.
9
Calculate the greatest common factor of 3 and 19.
1
What is the highest common factor of 364 and 1404?
52
Calculate the greatest common factor of 832 and 96.
32
Calculate the greatest common factor of 81 and 198.
9
What is the greatest common factor of 56 and 1778?
14
What is the greatest common factor of 133 and 49?
7
Calculate the highest common factor of 4171 and 516.
43
Calculate the greatest common factor of 14 and 63.
7
Calculate the highest common divisor of 48 and 216.
24
Calculate the highest common factor of 1376 and 288.
32
What is the highest common divisor of 17 and 1649?
17
What is the greatest common factor of 1428 and 42?
42
What is the greatest common divisor of 132 and 108?
12
Calculate the greatest common factor of 40 and 4840.
40
What is the highest common divisor of 3 and 4?
1
What is the highest common divisor of 143 and 52?
13
What is the greatest common factor of 896 and 6016?
128
Calculate the greatest common divisor of 16 and 28048.
16
Calculate the highest common factor of 90 and 2250.
90
Calculate the highest common factor of 63 and 1782.
9
What is the greatest common divisor of 4 and 4?
4
What is the greatest common divisor of 22 and 209?
11
What is the highest common divisor of 8211 and 69?
69
What is the highest common divisor of 1810 and 40?
10
What is the highest common factor of 62605 and 95?
95
Calculate the highest common factor of 48 and 33.
3
Calculate the greatest common factor of 9322 and 1062.
118
What is the highest common divisor of 2439 and 18?
9
Calculate the highest common divisor of 385 and 11.
11
What is the greatest common divisor of 230 and 50?
10
Calculate the highest common factor of 70 and 1365.
35
What is the greatest common divisor of 47234 and 22?
22
Calculate the highest common divisor of 18 and 222.
6
Calculate the greatest common divisor of 19 and 57.
19
What is the highest common divisor of 49 and 196?
49
Calculate the greatest common factor of 620 and 62.
62
What is the highest common divisor of 1638 and 147?
21
What is the highest common factor of 1612 and 442?
26
What is the highest common divisor of 90 and 8055?
45
Calculate the highest common divisor of 91 and 416.
13
What is the greatest common divisor of 14755 and 227?
227
Calculate the highest common factor of 8 and 100.
4
Calculate the greatest common factor of 70 and 322.
14
Calculate the greatest common factor of 79523 and 281.
281
Calculate the greatest common divisor of 10 and 5550.
10
What is the greatest common factor of 1176 and 126?
42
Calculate the greatest common divisor of 10 and 30.
10
Calculate the highest common factor of 81 and 9.
9
Calculate the greatest common divisor of 117 and 567.
9
Calculate the greatest common factor of 19 and 1216.
19
Calculate the highest common divisor of 6976 and 16.
16
Calculate the greatest common divisor of 3899 and 7.
7
Calculate the highest common divisor of 1975 and 1.
1
What is the greatest common divisor of 133 and 3287?
19
What is the highest common divisor of 32 and 172?
4
What is the highest common factor of 933 and 6?
3
Calculate the greatest common factor of 1 and 125.
1
Calculate the greatest common factor of 6744 and 24.
24
Calculate the greatest common factor of 951 and 6974.
317
What is the greatest common factor of 51 and 1377?
51
What is the greatest common factor of 22 and 4?
2
Calculate the highest common factor of 49 and 21.
7
What is the highest common factor of 6561 and 324?
81
Calculate the greatest common factor of 206 and 7519.
103
Calculate the highest common factor of 308 and 10604.
44
Calculate the greatest common divisor of 21 and 777.
21
What is the greatest common factor of 28 and 1232?
28
What is the greatest common divisor of 33 and 803?
11
What is the greatest common divisor of 9 and 27?
9
Calculate the greatest common factor of 1150 and 322.
46
What is the highest common divisor of 41 and 31?
1
Calculate the highest common factor of 221 and 3196.
17
Calculate the greatest common divisor of 1243 and 11.
11
Calculate the greatest common factor of 258 and 20382.
258
What is the highest common divisor of 630 and 450?
90
What is the highest common divisor of 13 and 2?
1
What is the highest common factor of 603 and 67?
67
Calculate the greatest common factor of 116 and 10092.
116
Calculate the highest common factor of 2025 and 54.
27
What is the greatest common divisor of 4 and 275?
1
What is the highest common factor of 72 and 1260?
36
What is the highest common factor of 56 and 24?
8
Calculate the greatest common factor of 40 and 5960.
40
Calculate the highest common divisor of 477 and 9.
9
What is the greatest common divisor of 8410 and 406?
58
Calculate the greatest common factor of 13 and 962.
13
What is the highest common divisor of 3 and 162?
3
Calculate the greatest common divisor of 10934 and 14.
14
What is the highest common factor of 20 and 17370?
10
Calculate the highest common factor of 150 and 1475.
25
Calculate the greatest common divisor of 23 and 529.
23
What is the greatest common factor of 30 and 790?
10
Calculate the highest common divisor of 236 and 1475.
59
What is the highest common factor of 444 and 2?
2
Calculate the greatest common divisor of 1036 and 28.
28
Calculate the highest common divisor of 1210 and 1265.
55
What is the greatest common divisor of 184 and 69?
23
What is the highest common divisor of 39 and 12?
3
Calculate the greatest common divisor of 1668 and 60.
12
What is the highest common divisor of 7340 and 10?
10
What is the highest common divisor of 1095 and 15?
15
What is the greatest common divisor of 17628 and 156?
156
What is the greatest common factor of 2562 and 12?
6
Calculate the greatest common factor of 4572 and 36.
36
Calculate the greatest common divisor of 66 and 7997.
11
Calculate the greatest common divisor of 598 and 92.
46
Calculate the highest common divisor of 4796 and 220.
44
Calculate the greatest common divisor of 340 and 60.
20
Calculate the highest common divisor of 1503 and 9.
9
What is the greatest common divisor of 132 and 836?
44
What is the highest common divisor of 198 and 90?
18
What is the highest common factor of 21 and 4305?
21
What is the greatest common factor of 15 and 915?
15
What is the highest common divisor of 5 and 27?
1
What is the highest common factor of 306 and 36?
18
What is the greatest common divisor of 91 and 707?
7
Calculate the greatest common factor of 17295 and 15.
15
Calculate the highest common factor of 32536 and 98.
98
Calculate the highest common factor of 7192 and 1856.
232
What is the greatest common divisor of 60 and 3504?
12
What is the highest common divisor of 4489 and 1206?
67
What is the highest common divisor of 1965 and 30?
15
Calculate the greatest common factor of 60 and 140.
20
What is the highest common factor of 88 and 66?
22
Calculate the greatest common divisor of 371 and 212.
53
What is the highest common divisor of 45 and 1197?
9
What is the greatest common factor of 2564 and 4?
4
What is the highest common divisor of 2209 and 47?
47
Calculate the greatest common factor of 448 and 256.
64
Calculate the highest common factor of 11 and 9713.
11
Calculate the highest common factor of 76 and 5662.
38
What is the highest common divisor of 84 and 10878?
42
What is the greatest common divisor of 12 and 324?
12
What is the greatest common divisor of 83 and 747?
83
Calculate the greatest common divisor of 363 and 198.
33
What is the highest common factor of 3842 and 2938?
226
Calculate the highest common factor of 5 and 17905.
5
Calculate the highest common divisor of 8 and 6184.
8
Calculate the greatest common divisor of 119912 and 104.
104
What is the greatest common factor of 205 and 41?
41
Calculate the highest common factor of 1416 and 96.
24
Calculate the greatest common divisor of 144 and 2.
2
What is the highest common divisor of 320 and 192?
64
Calculate the highest common factor of 52 and 1404.
52
Calculate the highest common divisor of 115 and 368.
23
What is the highest common divisor of 12 and 5316?
12
What is the highest common divisor of 1325 and 925?
25
What is the highest common divisor of 46 and 46?
46
Calculate the highest common 